rs of 612290692?
2, 13, 11774821
What are the prime factors of 91250709?
3, 11, 2765173
List the prime factors of 48016138.
2, 24008069
List the prime factors of 167388561.
3, 31, 599959
List the prime factors of 1488747614.
2, 37, 743, 27077
List the prime factors of 220646075.
5, 13, 67, 10133
What are the prime factors of 1868920151?
7, 266988593
What are the prime factors of 91639532?
2, 22909883
What are the prime factors of 212127229?
19, 23, 485417
What are the prime factors of 2965098010?
2, 5, 7, 17, 19, 199, 659
What are the prime factors of 274031662?
2, 7243, 18917
What are the prime factors of 257585204?
2, 19, 3389279
What are the prime factors of 9981515?
5, 1996303
What are the prime factors of 908254202?
2, 2837, 160073
List the prime factors of 420171798.
2, 3, 283, 247451
List the prime factors of 90949854.
2, 3, 15158309
What are the prime factors of 3738401254?
2, 7, 389, 686449
What are the prime factors of 2466050541?
3, 822016847
What are the prime factors of 992847376?
2, 1531, 40531
List the prime factors of 587719329.
3, 7523, 26041
List the prime factors of 102102650.
2, 5, 13, 157081
List the prime factors of 22825883.
17, 1342699
What are the prime factors of 59298059?
311, 190669
List the prime factors of 153373990.
2, 5, 7, 11, 139, 1433
What are the prime factors of 769335344?
2, 1061, 45319
List the prime factors of 89238579.
3, 223, 133391
What are the prime factors of 129529901?
61, 79, 26879
What are the prime factors of 45289878?
2, 3, 53, 142421
What are the prime factors of 4748802?
2, 3, 37, 21391
List the prime factors of 87560042.
2, 43780021
What are the prime factors of 6554439069?
3, 367, 5953169
What are the prime factors of 370675503?
3, 11, 19, 197063
What are the prime factors of 4545793700?
2, 5, 7, 19, 157, 311
What are the prime factors of 357500192?
2, 7, 1595983
List the prime factors of 290435663.
7, 41490809
What are the prime factors of 112949911?
112949911
List the prime factors of 5992806283.
19, 315410857
List the prime factors of 731612214.
2, 3, 19, 31, 151, 457
List the prime factors of 111421062.
2, 3, 23, 283, 317
List the prime factors of 6904254664.
2, 863031833
What are the prime factors of 289565775?
3, 5, 1286959
List the prime factors of 96950386.
2, 13, 3728861
What are the prime factors of 30587442?
2, 3, 127, 137, 293
List the prime factors of 183008798.
2, 7, 19, 688003
What are the prime factors of 330065178?
2, 3, 55010863
List the prime factors of 1520700761.
809, 1879729
List the prime factors of 120788284.
2, 3863, 7817
List the prime factors of 111237011.
29, 3835759
What are the prime factors of 16558161?
3, 5519387
List the prime factors of 63885707.
5581, 11447
List the prime factors of 2549118736.
2, 19, 523, 16033
What are the prime factors of 559019188?
2, 7, 13, 1535767
List the prime factors of 101072936.
2, 47, 268811
List the prime factors of 6845105616.
2, 3, 83, 587, 2927
What are the prime factors of 1763744657?
11719, 150503
What are the prime factors of 57724639?
7, 17, 485081
What are the prime factors of 259929137?
13, 19994549
What are the prime factors of 2024322411?
3, 9769, 69073
What are the prime factors of 2008359585?
3, 5, 47, 127, 7477
What are the prime factors of 150577818?
2, 3, 599, 41897
What are the prime factors of 5429543?
7, 110807
List the prime factors of 184801463.
7, 11, 2400019
What are the prime factors of 147744341?
23, 163, 39409
List the prime factors of 43103037.
3, 14367679
What are the prime factors of 39397803?
3, 1693, 7757
What are the prime factors of 27474206?
2, 283, 48541
List the prime factors of 1662947438.
2, 831473719
List the prime factors of 677727419.
29, 805859
What are the prime factors of 7877292423?
3, 7, 11, 13, 2623141
List the prime factors of 5172014357.
109, 47449673
List the prime factors of 547593245.
5, 3181, 34429
What are the prime factors of 9951213?
3, 1229, 2699
What are the prime factors of 702408205?
5, 53, 2650597
List the prime factors of 23605092.
2, 3, 7, 47, 1993
What are the prime factors of 53855577?
3, 1994651
List the prime factors of 72068767.
19, 149, 25457
List the prime factors of 91482327.
3, 29, 269, 1303
What are the prime factors of 63439907?
29, 2187583
What are the prime factors of 2744344467?
3, 59, 97, 53281
What are the prime factors of 392274828?
2, 3, 11, 990593
What are the prime factors of 2890475423?
11, 61, 107, 127, 317
List the prime factors of 254099948.
2, 63524987
List the prime factors of 189300498.
2, 3, 307, 102769
List the prime factors of 3115881693.
3, 6871, 50387
What are the prime factors of 2121742046?
2, 19, 41, 953, 1429
What are the prime factors of 415151312?
2, 167, 155371
What are the prime factors of 915278865?
3, 5, 43, 1419037
What are the prime factors of 2056276255?
5, 11, 113, 330857
What are the prime factors of 1645528236?
2, 3, 11, 31, 402133
List the prime factors of 46291553.
7, 11, 601189
What are the prime factors of 398788226?
2, 19, 1801, 5827
List the prime factors of 544207738.
2, 23, 11830603
List the prime factors of 4160421842.
2, 2423, 858527
What are the prime factors of 674993077?
11, 547, 112181
What are the prime factors of 95505856?
2, 19, 78541
What are the prime factors of 132244930?
2, 5, 29, 593, 769
List the prime factors of 112090820.
2, 5, 277, 20233
What are the prime factors of 825618593?
825618593
List the prime factors of 8889708194.
2, 83, 53552459
What are the prime factors of 1177296278?
2, 19, 569, 54449
What are the prime factors of 6791762170?
2, 5, 101, 113, 59509
List the prime factors of 73269479.
53, 61, 131, 173
What are the prime factors of 521405822?
2, 7, 1427, 26099
What are the prime factors of 4315804?
2, 1078951
List the prime factors of 25149763.
257, 97859
List the prime factors of 14119475.
5, 564779
What are the prime factors of 456147187?
163, 2798449
What are the prime factors of 272331393?
3, 90777131
List the prime factors of 1738002878.
2, 869001439
What are the prime factors of 1437594405?
3, 5, 13, 47, 227, 691
List the prime factors of 1532259562.
2, 766129781
List the prime factors of 235777128.
2, 3, 9824047
List the prime factors of 55219710.
2, 3, 5, 7, 13, 113, 179
List the prime factors of 45093267.
3, 185569
List the prime factors of 934236179.
934236179
What are the prime factors of 2264003915?
5, 37, 53, 233, 991
What are the prime factors of 625249102?
2, 312624551
What are the prime factors of 71207210?
2, 5, 181, 39341
What are the prime factors of 110523351?
3, 36841117
What are the prime factors of 1077377628?
2, 3, 89781469
What are the prime factors of 4035659068?
2, 7, 79, 103, 17713
What are the prime factors of 58545291?
3, 7, 521, 5351
List the prime factors of 134841661.
31, 41, 277, 383
List the prime factors of 451350436.
2, 23, 4905983
What are the prime factors of 225881084?
2, 11, 13, 394897
List the prime factors of 36138253.
47, 787, 977
List the prime factors of 4514929796.
2, 13, 19, 97, 47111
What are the prime factors of 466930022?
2, 13, 17958847
What are the prime factors of 648339534?
2, 3, 113, 318751
List the prime factors of 3116183227.
317, 9830231
List the prime factors of 48787331.
17, 587, 4889
List the prime factors of 121844481.
3, 11, 101, 139, 263
List the prime factors of 414960754.
2, 13, 41, 389269
What are the prime factors of 2126543561?
2126543561
What are the prime factors of 19503485?
5, 3900697
List the prime factors of 790829559.
3, 13, 61, 110807
What are the prime factors of 14977979?
1901, 7879
What are the prime factors of 51757566?
2, 3, 7, 353, 3491
List the prime factors of 644276339.
7, 19, 137, 1861
What are the prime factors of 2674751586?
2, 3, 13, 103, 577
List the prime factors of 106275546.
2, 3, 13, 29, 15661
What are the prime factors of 1977621701?
11, 53, 113, 2729
List the prime factors of 174695419.
23, 7595453
What are the prime factors of 41283621?
3, 157, 9739
What are the prime factors of 412992851?
467, 884353
List the prime factors of 13774047.
3, 7, 93701
What are the prime factors of 6120250?
2, 5, 24481
List the prime factors of 7260635.
5, 1452127
What are the prime factors of 116095050?
2, 3, 5, 257989
What are the prime factors of 57662124?
2, 3, 13, 28433
List the prime factors o